, 0 = -g - 3*g - 20. Suppose 0*b - 5*b = -k - s, -4*b - k + 41 = 0. List the prime factors of b.
2, 5
What are the prime factors of 80/4*(-5)/(-2)?
2, 5
Let h be 0 + (-2)/(-1 - 1). Let r = h - -4. Let w(n) = -n**3 + 6*n**2 - 5*n + 5. List the prime factors of w(r).
5
Let p = -5 + 10. Suppose 5*o + 20 = 0, 0*o + 112 = 2*j + 4*o. Suppose -v - j = -p*v. What are the prime factors of v?
2
Let w(m) = -20*m + 33. List the prime factors of w(-12).
3, 7, 13
Suppose b - 6*b = -4*v - 5, -2*b - 3*v = -25. Suppose -4*j - 3*a - 12 = -3*j, -b*a - 31 = -2*j. List the prime factors of j.
3
Suppose 0 = 2*u - 3*q - 293, -3*q = 14 + 1. List the prime factors of u.
139
Let l(s) = 30*s. Let b be l(2). Let n = b + -35. List the prime factors of n.
5
Let o = 4 + -1. Let z be (-2)/o*(-27)/6. Suppose 4*k + z*m = 18 + 26, -m = -5*k + 55. List the prime factors of k.
11
Suppose 0 = -5*o + 3*l - 8*l, o - 4*l - 15 = 0. Suppose o*p - 5*u - 54 = 0, 2*p - u - 55 = -12. What are the prime factors of p?
23
Let x(g) = 2*g**2 + 2*g - 4. List the prime factors of x(-6).
2, 7
Let u(m) = 13*m**3 - 2*m**2 + m + 1. List the prime factors of u(2).
3, 11
Let d(z) = -z**3 + 8*z**2 - 6*z + 1. Let r be d(7). Let f be 14/r + (-1)/(-4). Suppose -12 = -5*l + i, -3*l = -5*l + f*i. List the prime factors of l.
3
Let d(r) = r**2 + 5*r - 6. Let h be d(-7). Suppose h = -m + 3*m. Suppose -m*i + 26 + 14 = 0. What are the prime factors of i?
2, 5
Let w(p) = p**3 + 8*p**2 - 4*p - 13. List the prime factors of w(-7).
2
Suppose 10*v - 25 = 5*v. Suppose -f = -2*x + 67, -2*f = -v*x + 37 + 132. List the prime factors of x.
5, 7
Suppose -135 + 29 = -2*q. List the prime factors of q.
53
Suppose 31 = 2*j + 2*b + 9, 3*b = 3*j - 9. Let f(m) = 2*m - 10. Let l be f(j). Let g(t) = -t**2 + 5*t + 5. What are the prime factors of g(l)?
3
Let r(z) = -z**3 - 9*z**2 - 14*z + 7. List the prime factors of r(-8).
5, 11
Suppose 0*h = 4*h + 4. List the prime factors of h/(0 + (-3)/138).
2, 23
Let i be 24/4*19/(-3). What are the prime factors of i/(-3*1/3)?
2, 19
List the prime factors of 15/5 - -65*1.
2, 17
Let h(n) = -n**2 + 7*n + 4. Let o be (5/(-5))/(1/3). Let r = o + 9. List the prime factors of h(r).
2, 5
Suppose z = 3*z + 12. Let v = -1 - z. What are the prime factors of v?
5
Suppose 465 = 2*o + 43. What are the prime factors of o?
211
Suppose -13 = -3*v + 2*b - 59, 66 = -5*v - 2*b. Let j be (1 - v/(-6))*-3. Suppose -4 = j*q - 36. What are the prime factors of q?
2
Let r(p) be the second derivative of -p**4/8 - 7*p**3/6 + p**2 - p. Let h(n) be the first derivative of r(n). List the prime factors of h(-5).
2
Let x(z) = 1 - 2*z - z**3 + z + z**2 - 3*z**2 - z. List the prime factors of x(-2).
5
Suppose 5*h - 2*h + 3*p - 51 = 0, 0 = 2*p. List the prime factors of h.
17
Let l be (-4)/14 + 12/42. Suppose l = -4*d + 88 - 12. List the prime factors of d.
19
Let y = -1 + 5. Let z(t) = t**2 - 6*t. Let m be z(7). Let r = m + y. List the prime factors of r.
11
Let o(x) = -2*x + 8. Let q be o(7). Let i be 4/q - (-22)/6. Suppose -27 = -i*u - 3*g, -3*g + 39 = -u + 6*u. What are the prime factors of u?
2, 3
Suppose 5*o = 32 + 18. Suppose 0 = -f - 1, 4*f + o + 39 = 5*x. List the prime factors of x.
3
Let f(w) = -13*w - 2*w - 5*w. Let l be f(1). Let m = -11 - l. What are the prime factors of m?
3
Let c be (0/(-2) - -3) + 26. Let v = c - 16. What are the prime factors of v?
13
Let m(d) = -3*d**3 + 21*d**2 + 14*d - 19. Let l(t) = -t**3 + 10*t**2 + 7*t - 9. Let k(i) = 5*l(i) - 2*m(i). What are the prime factors of k(-6)?
23
Let w be 0 + 1 + 4/2. Let b(q) = -q**w - 5*q**3 - q**2 + 2*q**2. List the prime factors of b(-1).
7
Let f = 0 - 1. What are the prime factors of (f/1 + 0)*-9?
3
Suppose 2*d + 38 = x + 4*d, -3*x - 3*d = -102. Let z = 44 - x. What are the prime factors of z?
2, 7
Let d(r) = -r**3 - 1. Let b be d(-1). Let o(w) = -3*w + 5. Let l(k) = 16*k - 26. Let f(t) = 2*l(t) + 11*o(t). List the prime factors of f(b).
3
Let k = 1 - -15. Suppose -x - 2*x = -5*v - k, -32 = 4*x + 4*v. What are the prime factors of -14*(0/x - 1)?
2, 7
Let h(n) = -369*n + 4. What are the prime factors of h(-1)?
373
Let u(p) = -7*p**3 + p. Let x be u(-1). Let v = 1 + x. Let t(m) = -m**3 + 7*m**2 + 3*m - 10. What are the prime factors of t(v)?
11
Suppose -2*l + 2 = -2. Suppose 5*t = 2*z + 99, l*z = -3*t + z + 66. Let i = -13 + t. What are the prime factors of i?
2
Suppose -2*t - 3*b = -16, -4*t + 5*b = -13 - 19. List the prime factors of t.
2
Suppose x - 6 = 3*c, -3*c + 4*x - 13 = -2*c. Let q(g) = 7*g - 5. Let b(i) = -15*i + 9. Let u(y) = 6*b(y) + 11*q(y). List the prime factors of u(c).
2, 3
Let p = -351 + 517. List the prime factors of p.
2, 83
Let u = -32 + 6. Let k = 36 + u. What are the prime factors of k?
2, 5
Suppose 5*n + 32 = 6*n. Let r = n - 20. What are the prime factors of r?
2, 3
Suppose -12*b + 228 + 192 = 0. List the prime factors of b.
5, 7
Let k = 470 - 332. List the prime factors of k.
2, 3, 23
Let d be (1 - 1) + -15 + 6. Let r = -23 - d. What are the prime factors of -15*(-2 - r/10)?
3
Let k(r) be the third derivative of r**5/60 + r**4/24 + 5*r**3/3 - 3*r**2. List the prime factors of k(0).
2, 5
Suppose 5*v - 6 - 4 = 0. Suppose 5*n + 5*s = 105, -v*s = n - 0*n - 23. What are the prime factors of n?
19
Suppose -q - 4*u - 7 = 5, 0 = 3*u - 9. Let c = q - -44. List the prime factors of c.
2, 5
Let j = -129 + 340. List the prime factors of j.
211
Suppose -5*j = -431 - 74. What are the prime factors of j?
101
Let v = 36 + -9. Suppose q - 14 = -p, -3*q = -0*p - 2*p - v. List the prime factors of q.
11
Let b = 351 + -120. List the prime factors of b.
3, 7, 11
Suppose -2*b + 56 = 10. List the prime factors of b.
23
Suppose -9 - 3 = -3*r. Suppose r*p - 41 = 3. What are the prime factors of p?
11
Let s(g) = 13*g**2 + g + 1. Let u = -3 + 2. What are the prime factors of s(u)?
13
Let q be (-26)/(-10) - (-2)/5. Let i be 0*q/6 + -1. Let v = 5 + i. List the prime factors of v.
2
Let m = 5 + -3. Suppose -3*l + m*d = -171, 3*l + 2*l = -3*d + 266. List the prime factors of l.
5, 11
Suppose 5 = 3*s - 502. List the prime factors of s.
13
Let j = -17 + 31. Let p = -20 + j. List the prime factors of (3 + -9)/(p/4).
2
Let t(w) = -w**3 - 4*w**2 + 7*w - 7. Let b be t(-6). Let o = -12 + b. Suppose 0 = -5*d + 44 + o. What are the prime factors of d?
11
Let q(u) = -u**3 + 6*u**2 - 4*u - 3. Suppose 3*n + n = 20. What are the prime factors of q(n)?
2
Let k = 162 - 84. List the prime factors of k.
2, 3, 13
What are the prime factors of (-10)/(-55) + 955/11?
3, 29
Suppose k + 192 = 2*d, 2*d - 76 = -5*k + 128. Let u = d - 56. What are the prime factors of u?
41
Let k(n) = n**3 - 6*n**2 + n + 4. Let v(o) = o**3 - 7*o**2 + 8*o - 6. Let t be v(6). What are the prime factors of k(t)?
2, 5
Suppose w - 2 = 2*w. List the prime factors of (-3 + (-32)/w)/1.
13
Suppose 3*b + 2*b + 2*y - 221 = 0, -74 = -2*b + 4*y. What are the prime factors of b?
43
Let f(z) = -z**3 + 8*z**2 + 4*z + 3. What are the prime factors of f(8)?
5, 7
Suppose -3*y - 569 = -4*x, 0 = -4*y - 5*x + 3*x - 788. Let n be y/(-4) + 3/(-4). Suppose n = 4*i - 36. What are the prime factors of i?
3, 7
Let f = 23 + -8. Let z = 21 - f. List the prime factors of z.
2, 3
Suppose -l + 4*l + 4*s - 208 = 0, -3*s = -12. What are the prime factors of l?
2
Let y(w) = -w**3 + 8*w**2 + w - 5. Let g be y(8). Let c(l) = -2*l - 1 + g*l + 0. What are the prime factors of c(8)?
7
Suppose 0 = -2*k - 2*n + 40, -k + 0*k + 4 = -3*n. Let p = 39 - k. List the prime factors of p.
23
Let f(x) = x**2 - 6*x + 4. Let l be f(6). Let m = l - -5. What are the prime factors of m?
3
Suppose -2*y - 9 = -57. Suppose -4*d + d + 9 = 0. Suppose y = 2*o - q + d*q, -3*q = -6. What are the prime factors of o?
2, 5
Suppose 5*i = i + 8. Suppose i*r - 37 = -11. List the prime factors of r.
13
Let w = 16 - -7. Let y = w + 4. List the prime factors of y.
3
Let m = -9 - -84. What are the prime factors of m?
3, 5
Suppose 2*s + 206 = 2*o, 359 = 4*o - 2*s - 57. List the prime factors of o.
3, 5, 7
Suppose y + 3*m = 24, -7 = -2*y + 2*m + 1. What are the prime factors of y?
3
Let m = 10 - 1. Let k be m - 6/(3 - 0). Suppose 2*o + 10 = k*o. What are the prime factors of o?
2
Let n = 3 + -2. Let o = n - 5. List the prime factors of 7 + -1 + 3 + o.
5
Suppose -q - 77 = 3*q -